{"id":815,"date":"2025-10-15T20:20:51","date_gmt":"2025-10-15T18:20:51","guid":{"rendered":"https:\/\/pomocit.pro\/?post_type=product&#038;p=815"},"modified":"2025-10-15T20:20:51","modified_gmt":"2025-10-15T18:20:51","slug":"kasa-fiskalna-novitus-sento-online-programowanie-fiskalizacja-zgloszenie","status":"publish","type":"product","link":"https:\/\/pomocit.pro\/index.php\/produkt\/kasa-fiskalna-novitus-sento-online-programowanie-fiskalizacja-zgloszenie\/","title":{"rendered":"Kasa fiskalna Novitus SENTO ONLINE + Programowanie + Fiskalizacja + Zg\u0142oszenie"},"content":{"rendered":"<p><strong>PowerDuo &#8211; Kasa Novitus + terminal LANE3000, kt\u00f3ry mo\u017cesz mie\u0107 za 1 z\u0142 miesi\u0119cznie \u2013 podw\u00f3jna moc sprzeda\u017cy!<\/p>\n<p><\/strong><\/p>\n<p>Innowacyjne po\u0142\u0105czenie kasy fiskalnej z terminalem\u00a0<strong>LANE3000<\/strong>, kt\u00f3ry teraz mo\u017cesz mie\u0107\u00a0<strong>za jedyne 1 z\u0142 miesi\u0119cznie<\/strong>!\u00a0<strong>Kasa Novitus z terminalem Paytel\u00a0<\/strong>to najlepszy spos\u00f3b na p\u0142atno\u015bci bezgot\u00f3wkowe w Twojej firmie &#8211;\u00a0<strong>Kasa \u0142\u0105czy si\u0119 jednym kablem USB z terminala Paytel i wsp\u00f3\u0142pracuje bez specjalnej dodatkowej konfiguracji<\/strong>. Oferuj swoim klientom wygodne transakcje bezgot\u00f3wkowe, dynamiczne przewalutowania, us\u0142ugi Cash Back oraz sprzeda\u017c do\u0142adowa\u0144 i nie tra\u0107 czasu na wprowadzanie kwoty na terminalu \u2013 kasa zrobi to za Ciebie. Wyeliminujesz w ten spos\u00f3b b\u0142\u0119dy i przy\u015bpieszysz obs\u0142ug\u0119 w punkcie sprzeda\u017cy.\u00a0<a href=\"https:\/\/novitus.pl\/powerduo-kasa-novitus-terminal-lane3000-za-1-zl-miesiecznie-podwojna-moc-sprzedazy\">Kliknij tutaj, aby dowiedzie\u0107 si\u0119 wi\u0119cej.<\/p>\n<p><\/a><br \/>\n<a href=\"https:\/\/novitus.pl\/powerduo-kasa-novitus-terminal-lane3000-za-1-zl-miesiecznie-podwojna-moc-sprzedazy\"><img decoding=\"async\" src=\"https:\/\/novitus.pl\/media\/cache\/content_cover_large\/1\/novitus-powerduo-1200x300px-google-jpg.jpg\" alt=\"https:\/\/novitus.pl\/powerduo-kasa-novitus-terminal-lane3000-za-1-zl-miesiecznie-podwojna-moc-sprzedazy\" \/><\/a><\/p>\n<p>Kasa SENTO Online czerpie z najlepszych wzorc\u00f3w i do\u015bwiadcze\u0144 kas z rodziny SENTO. Optymalne po\u0142\u0105czenie wy\u015brubowanych parametr\u00f3w technicznych oraz zaawansowanych funkcji to jej znak rozpoznawczy. Dzisiaj i za wiele lat taka sama wydajno\u015b\u0107 pracy jest gwarantowana. Kasa jest dedykowana ma\u0142ym i \u015brednim punktom handlowo \u2013 us\u0142ugowym. Ma\u0142a i por\u0119czna obudowa kasy kryje w sobie zaawansowan\u0105 technologi\u0119 i funkcjonalno\u015b\u0107 spotykan\u0105 wcze\u015bniej w segmencie du\u017cych kas systemowych.<\/p>\n<p>Bardzo du\u017ca baza towarowa, precyzyjne nazewnictwo towar\u00f3w, komunikacja on-line z komputerem, wiele z\u0142\u0105cz komunikacyjnych, w tym z\u0142\u0105cza RS232 i USB pozwalaj\u0105 stworzy\u0107 zaawansowany system sprzeda\u017cy dla \u015bredniego sklepu. Ergonomiczna budowa sprawia, \u017ce wielogodzinna praca na tej kasie b\u0119dzie wygodna i efektywna.<\/p>\n<p>SENTO Online nale\u017cy jak pozosta\u0142e kasy online do rodziny urz\u0105dze\u0144\u00a0<strong>Novitus Online Power<\/strong>. Co to znaczy? Stworzyli\u015bmy lini\u0119 urz\u0105dze\u0144 o niespotykanej do tej pory mocy, na kt\u00f3r\u0105 sk\u0142adaj\u0105 si\u0119 m.in. 32 bitowe procesory o taktowaniu nawet do 524MHz, ogromna pami\u0119\u0107 wewn\u0119trza oraz 256MB pami\u0119ci operacyjnej. System LINUX gwarantuje stabiln\u0105 prac\u0119, a nasza platforma daje zapas mocy na wiele lat do przodu, niezale\u017cnie od przysz\u0142ych wyzwa\u0144. Bezpiecze\u0144stwo danych zapewnia modu\u0142 TPM oraz dwustronna autentykacja \u2013 rozwi\u0105zania sprawdzone w ponad 4 miliardach urz\u0105dze\u0144 na \u015bwiecie.<\/p>\n<p>Kasa umo\u017cliwia przekazywanie danych do Centralnym Repozytorium Kas (CRK) poprzez port LAN lub opcjonalnie przez modu\u0142y WiFi lub GSM, zgodnie z wymogami Rozporz\u0105dzenia Ministra Przedsi\u0119biorczo\u015bci i Technologii z dnia 28 maja 2018 r. w sprawie kryteri\u00f3w i warunk\u00f3w technicznych, kt\u00f3rym musz\u0105 odpowiada\u0107 kasy rejestruj\u0105ce.<\/p>\n","protected":false},"excerpt":{"rendered":"<p>PowerDuo &#8211; Kasa Novitus + terminal LANE3000, kt\u00f3ry mo\u017cesz mie\u0107 za 1 z\u0142 miesi\u0119cznie \u2013 podw\u00f3jna moc sprzeda\u017cy! Innowacyjne po\u0142\u0105czenie kasy fiskalnej z terminalem\u00a0LANE3000, kt\u00f3ry teraz mo\u017cesz mie\u0107\u00a0za jedyne 1 z\u0142 miesi\u0119cznie!\u00a0Kasa Novitus z terminalem Paytel\u00a0to najlepszy spos\u00f3b na p\u0142atno\u015bci bezgot\u00f3wkowe w Twojej firmie &#8211;\u00a0Kasa \u0142\u0105czy si\u0119 jednym kablem USB z terminala Paytel i wsp\u00f3\u0142pracuje&hellip;&nbsp;<a href=\"https:\/\/pomocit.pro\/index.php\/produkt\/kasa-fiskalna-novitus-sento-online-programowanie-fiskalizacja-zgloszenie\/\" rel=\"bookmark\">Dowiedz si\u0119 wi\u0119cej &raquo;<span class=\"screen-reader-text\">Kasa fiskalna Novitus SENTO ONLINE + Programowanie + Fiskalizacja + Zg\u0142oszenie<\/span><\/a><\/p>\n","protected":false},"featured_media":820,"comment_status":"open","ping_status":"closed","template":"","meta":{"inline_featured_image":false,"neve_meta_sidebar":"","neve_meta_container":"","neve_meta_enable_content_width":"off","neve_meta_content_width":100,"neve_meta_title_alignment":"","neve_meta_author_avatar":"","neve_post_elements_order":"","neve_meta_disable_header":"","neve_meta_disable_footer":"","neve_meta_disable_title":""},"product_brand":[],"product_cat":[26],"product_tag":[],"class_list":{"0":"post-815","1":"product","2":"type-product","3":"status-publish","4":"has-post-thumbnail","6":"product_cat-kf","8":"first","9":"instock","10":"taxable","11":"shipping-taxable","12":"purchasable","13":"product-type-simple"},"yoast_head":"<!-- This site is optimized with the Yoast SEO plugin v23.4 - https:\/\/yoast.com\/wordpress\/plugins\/seo\/ -->\n<title>Kasa fiskalna Novitus SENTO ONLINE + Programowanie + Fiskalizacja + Zg\u0142oszenie - Kompleksowa Obs\u0142uga Informatyczna.<\/title>\n<meta name=\"robots\" content=\"index, follow, max-snippet:-1, max-image-preview:large, max-video-preview:-1\" \/>\n<link rel=\"canonical\" href=\"https:\/\/pomocit.pro\/index.php\/produkt\/kasa-fiskalna-novitus-sento-online-programowanie-fiskalizacja-zgloszenie\/\" \/>\n<meta property=\"og:locale\" content=\"pl_PL\" \/>\n<meta property=\"og:type\" content=\"article\" \/>\n<meta property=\"og:title\" content=\"Kasa fiskalna Novitus SENTO ONLINE + Programowanie + Fiskalizacja + Zg\u0142oszenie - Kompleksowa Obs\u0142uga Informatyczna.\" \/>\n<meta property=\"og:description\" content=\"PowerDuo &#8211; Kasa Novitus + terminal LANE3000, kt\u00f3ry mo\u017cesz mie\u0107 za 1 z\u0142 miesi\u0119cznie \u2013 podw\u00f3jna moc sprzeda\u017cy! Innowacyjne po\u0142\u0105czenie kasy fiskalnej z terminalem\u00a0LANE3000, kt\u00f3ry teraz mo\u017cesz mie\u0107\u00a0za jedyne 1 z\u0142 miesi\u0119cznie!\u00a0Kasa Novitus z terminalem Paytel\u00a0to najlepszy spos\u00f3b na p\u0142atno\u015bci bezgot\u00f3wkowe w Twojej firmie &#8211;\u00a0Kasa \u0142\u0105czy si\u0119 jednym kablem USB z terminala Paytel i wsp\u00f3\u0142pracuje&hellip;&nbsp;Dowiedz si\u0119 wi\u0119cej &raquo;Kasa fiskalna Novitus SENTO ONLINE + Programowanie + Fiskalizacja + Zg\u0142oszenie\" \/>\n<meta property=\"og:url\" content=\"https:\/\/pomocit.pro\/index.php\/produkt\/kasa-fiskalna-novitus-sento-online-programowanie-fiskalizacja-zgloszenie\/\" \/>\n<meta property=\"og:site_name\" content=\"Kompleksowa Obs\u0142uga Informatyczna.\" \/>\n<meta property=\"article:publisher\" content=\"https:\/\/www.facebook.com\/pomocit.pro\/\" \/>\n<meta property=\"og:image\" content=\"https:\/\/pomocit.pro\/wp-content\/uploads\/2025\/10\/sento900x9002-png.png\" \/>\n\t<meta property=\"og:image:width\" content=\"327\" \/>\n\t<meta property=\"og:image:height\" content=\"327\" \/>\n\t<meta property=\"og:image:type\" content=\"image\/png\" \/>\n<meta name=\"twitter:card\" content=\"summary_large_image\" \/>\n<meta name=\"twitter:label1\" content=\"Szacowany czas czytania\" \/>\n\t<meta name=\"twitter:data1\" content=\"3 minuty\" \/>\n<script type=\"application\/ld+json\" class=\"yoast-schema-graph\">{\"@context\":\"https:\/\/schema.org\",\"@graph\":[{\"@type\":\"WebPage\",\"@id\":\"https:\/\/pomocit.pro\/index.php\/produkt\/kasa-fiskalna-novitus-sento-online-programowanie-fiskalizacja-zgloszenie\/\",\"url\":\"https:\/\/pomocit.pro\/index.php\/produkt\/kasa-fiskalna-novitus-sento-online-programowanie-fiskalizacja-zgloszenie\/\",\"name\":\"Kasa fiskalna Novitus SENTO ONLINE + Programowanie + Fiskalizacja + Zg\u0142oszenie - Kompleksowa Obs\u0142uga Informatyczna.\",\"isPartOf\":{\"@id\":\"https:\/\/pomocit.pro\/#website\"},\"primaryImageOfPage\":{\"@id\":\"https:\/\/pomocit.pro\/index.php\/produkt\/kasa-fiskalna-novitus-sento-online-programowanie-fiskalizacja-zgloszenie\/#primaryimage\"},\"image\":{\"@id\":\"https:\/\/pomocit.pro\/index.php\/produkt\/kasa-fiskalna-novitus-sento-online-programowanie-fiskalizacja-zgloszenie\/#primaryimage\"},\"thumbnailUrl\":\"https:\/\/pomocit.pro\/wp-content\/uploads\/2025\/10\/sento900x9002-png.png\",\"datePublished\":\"2025-10-15T18:20:51+00:00\",\"dateModified\":\"2025-10-15T18:20:51+00:00\",\"breadcrumb\":{\"@id\":\"https:\/\/pomocit.pro\/index.php\/produkt\/kasa-fiskalna-novitus-sento-online-programowanie-fiskalizacja-zgloszenie\/#breadcrumb\"},\"inLanguage\":\"pl-PL\",\"potentialAction\":[{\"@type\":\"ReadAction\",\"target\":[\"https:\/\/pomocit.pro\/index.php\/produkt\/kasa-fiskalna-novitus-sento-online-programowanie-fiskalizacja-zgloszenie\/\"]}]},{\"@type\":\"ImageObject\",\"inLanguage\":\"pl-PL\",\"@id\":\"https:\/\/pomocit.pro\/index.php\/produkt\/kasa-fiskalna-novitus-sento-online-programowanie-fiskalizacja-zgloszenie\/#primaryimage\",\"url\":\"https:\/\/pomocit.pro\/wp-content\/uploads\/2025\/10\/sento900x9002-png.png\",\"contentUrl\":\"https:\/\/pomocit.pro\/wp-content\/uploads\/2025\/10\/sento900x9002-png.png\",\"width\":327,\"height\":327},{\"@type\":\"BreadcrumbList\",\"@id\":\"https:\/\/pomocit.pro\/index.php\/produkt\/kasa-fiskalna-novitus-sento-online-programowanie-fiskalizacja-zgloszenie\/#breadcrumb\",\"itemListElement\":[{\"@type\":\"ListItem\",\"position\":1,\"name\":\"Strona g\u0142\u00f3wna\",\"item\":\"https:\/\/pomocit.pro\/\"},{\"@type\":\"ListItem\",\"position\":2,\"name\":\"Sklep\",\"item\":\"https:\/\/pomocit.pro\/index.php\/sklep\/\"},{\"@type\":\"ListItem\",\"position\":3,\"name\":\"Kasa fiskalna Novitus SENTO ONLINE + Programowanie + Fiskalizacja + Zg\u0142oszenie\"}]},{\"@type\":\"WebSite\",\"@id\":\"https:\/\/pomocit.pro\/#website\",\"url\":\"https:\/\/pomocit.pro\/\",\"name\":\"Kompleksowa Obs\u0142uga Informatyczna.\",\"description\":\"PomocIT.PRO | Pewno\u015b\u0107 i Bezpiecze\u0144stwo\",\"publisher\":{\"@id\":\"https:\/\/pomocit.pro\/#organization\"},\"potentialAction\":[{\"@type\":\"SearchAction\",\"target\":{\"@type\":\"EntryPoint\",\"urlTemplate\":\"https:\/\/pomocit.pro\/?s={search_term_string}\"},\"query-input\":{\"@type\":\"PropertyValueSpecification\",\"valueRequired\":true,\"valueName\":\"search_term_string\"}}],\"inLanguage\":\"pl-PL\"},{\"@type\":\"Organization\",\"@id\":\"https:\/\/pomocit.pro\/#organization\",\"name\":\"PomocIT.PRO pewno\u015b\u0107 i zaufanie\",\"url\":\"https:\/\/pomocit.pro\/\",\"logo\":{\"@type\":\"ImageObject\",\"inLanguage\":\"pl-PL\",\"@id\":\"https:\/\/pomocit.pro\/#\/schema\/logo\/image\/\",\"url\":\"https:\/\/pomocit.pro\/wp-content\/uploads\/2019\/10\/logo.strona.pomocit.png\",\"contentUrl\":\"https:\/\/pomocit.pro\/wp-content\/uploads\/2019\/10\/logo.strona.pomocit.png\",\"width\":2400,\"height\":800,\"caption\":\"PomocIT.PRO pewno\u015b\u0107 i zaufanie\"},\"image\":{\"@id\":\"https:\/\/pomocit.pro\/#\/schema\/logo\/image\/\"},\"sameAs\":[\"https:\/\/www.facebook.com\/pomocit.pro\/\"]}]}<\/script>\n<!-- \/ Yoast SEO plugin. -->","yoast_head_json":{"title":"Kasa fiskalna Novitus SENTO ONLINE + Programowanie + Fiskalizacja + Zg\u0142oszenie - Kompleksowa Obs\u0142uga Informatyczna.","robots":{"index":"index","follow":"follow","max-snippet":"max-snippet:-1","max-image-preview":"max-image-preview:large","max-video-preview":"max-video-preview:-1"},"canonical":"https:\/\/pomocit.pro\/index.php\/produkt\/kasa-fiskalna-novitus-sento-online-programowanie-fiskalizacja-zgloszenie\/","og_locale":"pl_PL","og_type":"article","og_title":"Kasa fiskalna Novitus SENTO ONLINE + Programowanie + Fiskalizacja + Zg\u0142oszenie - Kompleksowa Obs\u0142uga Informatyczna.","og_description":"PowerDuo &#8211; Kasa Novitus + terminal LANE3000, kt\u00f3ry mo\u017cesz mie\u0107 za 1 z\u0142 miesi\u0119cznie \u2013 podw\u00f3jna moc sprzeda\u017cy! Innowacyjne po\u0142\u0105czenie kasy fiskalnej z terminalem\u00a0LANE3000, kt\u00f3ry teraz mo\u017cesz mie\u0107\u00a0za jedyne 1 z\u0142 miesi\u0119cznie!\u00a0Kasa Novitus z terminalem Paytel\u00a0to najlepszy spos\u00f3b na p\u0142atno\u015bci bezgot\u00f3wkowe w Twojej firmie &#8211;\u00a0Kasa \u0142\u0105czy si\u0119 jednym kablem USB z terminala Paytel i wsp\u00f3\u0142pracuje&hellip;&nbsp;Dowiedz si\u0119 wi\u0119cej &raquo;Kasa fiskalna Novitus SENTO ONLINE + Programowanie + Fiskalizacja + Zg\u0142oszenie","og_url":"https:\/\/pomocit.pro\/index.php\/produkt\/kasa-fiskalna-novitus-sento-online-programowanie-fiskalizacja-zgloszenie\/","og_site_name":"Kompleksowa Obs\u0142uga Informatyczna.","article_publisher":"https:\/\/www.facebook.com\/pomocit.pro\/","og_image":[{"width":327,"height":327,"url":"https:\/\/pomocit.pro\/wp-content\/uploads\/2025\/10\/sento900x9002-png.png","type":"image\/png"}],"twitter_card":"summary_large_image","twitter_misc":{"Szacowany czas czytania":"3 minuty"},"schema":{"@context":"https:\/\/schema.org","@graph":[{"@type":"WebPage","@id":"https:\/\/pomocit.pro\/index.php\/produkt\/kasa-fiskalna-novitus-sento-online-programowanie-fiskalizacja-zgloszenie\/","url":"https:\/\/pomocit.pro\/index.php\/produkt\/kasa-fiskalna-novitus-sento-online-programowanie-fiskalizacja-zgloszenie\/","name":"Kasa fiskalna Novitus SENTO ONLINE + Programowanie + Fiskalizacja + Zg\u0142oszenie - Kompleksowa Obs\u0142uga Informatyczna.","isPartOf":{"@id":"https:\/\/pomocit.pro\/#website"},"primaryImageOfPage":{"@id":"https:\/\/pomocit.pro\/index.php\/produkt\/kasa-fiskalna-novitus-sento-online-programowanie-fiskalizacja-zgloszenie\/#primaryimage"},"image":{"@id":"https:\/\/pomocit.pro\/index.php\/produkt\/kasa-fiskalna-novitus-sento-online-programowanie-fiskalizacja-zgloszenie\/#primaryimage"},"thumbnailUrl":"https:\/\/pomocit.pro\/wp-content\/uploads\/2025\/10\/sento900x9002-png.png","datePublished":"2025-10-15T18:20:51+00:00","dateModified":"2025-10-15T18:20:51+00:00","breadcrumb":{"@id":"https:\/\/pomocit.pro\/index.php\/produkt\/kasa-fiskalna-novitus-sento-online-programowanie-fiskalizacja-zgloszenie\/#breadcrumb"},"inLanguage":"pl-PL","potentialAction":[{"@type":"ReadAction","target":["https:\/\/pomocit.pro\/index.php\/produkt\/kasa-fiskalna-novitus-sento-online-programowanie-fiskalizacja-zgloszenie\/"]}]},{"@type":"ImageObject","inLanguage":"pl-PL","@id":"https:\/\/pomocit.pro\/index.php\/produkt\/kasa-fiskalna-novitus-sento-online-programowanie-fiskalizacja-zgloszenie\/#primaryimage","url":"https:\/\/pomocit.pro\/wp-content\/uploads\/2025\/10\/sento900x9002-png.png","contentUrl":"https:\/\/pomocit.pro\/wp-content\/uploads\/2025\/10\/sento900x9002-png.png","width":327,"height":327},{"@type":"BreadcrumbList","@id":"https:\/\/pomocit.pro\/index.php\/produkt\/kasa-fiskalna-novitus-sento-online-programowanie-fiskalizacja-zgloszenie\/#breadcrumb","itemListElement":[{"@type":"ListItem","position":1,"name":"Strona g\u0142\u00f3wna","item":"https:\/\/pomocit.pro\/"},{"@type":"ListItem","position":2,"name":"Sklep","item":"https:\/\/pomocit.pro\/index.php\/sklep\/"},{"@type":"ListItem","position":3,"name":"Kasa fiskalna Novitus SENTO ONLINE + Programowanie + Fiskalizacja + Zg\u0142oszenie"}]},{"@type":"WebSite","@id":"https:\/\/pomocit.pro\/#website","url":"https:\/\/pomocit.pro\/","name":"Kompleksowa Obs\u0142uga Informatyczna.","description":"PomocIT.PRO | Pewno\u015b\u0107 i Bezpiecze\u0144stwo","publisher":{"@id":"https:\/\/pomocit.pro\/#organization"},"potentialAction":[{"@type":"SearchAction","target":{"@type":"EntryPoint","urlTemplate":"https:\/\/pomocit.pro\/?s={search_term_string}"},"query-input":{"@type":"PropertyValueSpecification","valueRequired":true,"valueName":"search_term_string"}}],"inLanguage":"pl-PL"},{"@type":"Organization","@id":"https:\/\/pomocit.pro\/#organization","name":"PomocIT.PRO pewno\u015b\u0107 i zaufanie","url":"https:\/\/pomocit.pro\/","logo":{"@type":"ImageObject","inLanguage":"pl-PL","@id":"https:\/\/pomocit.pro\/#\/schema\/logo\/image\/","url":"https:\/\/pomocit.pro\/wp-content\/uploads\/2019\/10\/logo.strona.pomocit.png","contentUrl":"https:\/\/pomocit.pro\/wp-content\/uploads\/2019\/10\/logo.strona.pomocit.png","width":2400,"height":800,"caption":"PomocIT.PRO pewno\u015b\u0107 i zaufanie"},"image":{"@id":"https:\/\/pomocit.pro\/#\/schema\/logo\/image\/"},"sameAs":["https:\/\/www.facebook.com\/pomocit.pro\/"]}]}},"jetpack_sharing_enabled":true,"_links":{"self":[{"href":"https:\/\/pomocit.pro\/index.php\/wp-json\/wp\/v2\/product\/815","targetHints":{"allow":["GET"]}}],"collection":[{"href":"https:\/\/pomocit.pro\/index.php\/wp-json\/wp\/v2\/product"}],"about":[{"href":"https:\/\/pomocit.pro\/index.php\/wp-json\/wp\/v2\/types\/product"}],"replies":[{"embeddable":true,"href":"https:\/\/pomocit.pro\/index.php\/wp-json\/wp\/v2\/comments?post=815"}],"wp:featuredmedia":[{"embeddable":true,"href":"https:\/\/pomocit.pro\/index.php\/wp-json\/wp\/v2\/media\/820"}],"wp:attachment":[{"href":"https:\/\/pomocit.pro\/index.php\/wp-json\/wp\/v2\/media?parent=815"}],"wp:term":[{"taxonomy":"product_brand","embeddable":true,"href":"https:\/\/pomocit.pro\/index.php\/wp-json\/wp\/v2\/product_brand?post=815"},{"taxonomy":"product_cat","embeddable":true,"href":"https:\/\/pomocit.pro\/index.php\/wp-json\/wp\/v2\/product_cat?post=815"},{"taxonomy":"product_tag","embeddable":true,"href":"https:\/\/pomocit.pro\/index.php\/wp-json\/wp\/v2\/product_tag?post=815"}],"curies":[{"name":"wp","href":"https:\/\/api.w.org\/{rel}","templated":true}]}}